base 2?
-110111000111111111
Convert -b073 (base 16) to base 14.
-12667
Convert 304a0a4 (base 11) to base 12.
1979353
1204212 (base 5) to base 14
8264
What is -224510512 (base 6) in base 2?
-1111110100001110101100
Convert -562351 (base 8) to base 16.
-2e4e9
What is -a3351a (base 13) in base 12?
-1336708
Convert -2713bb (base 16) to base 15.
-358c05
2212210120201 (base 3) to base 12
61a224
Convert 296560 (base 15) to base 5.
1002331330
Convert d465 (base 14) to base 12.
19195
Convert 10031103003 (base 4) to base 8.
4152303
Convert -206ca (base 13) to base 10.
-58302
What is 1000101110001101000101 (base 2) in base 9?
4264320
-66601 (base 10) to base 6
-1232201
-21032001 (base 5) to base 11
-109803
-134650 (base 10) to base 13
-49399
Convert 78678 (base 14) to base 10.
292146
What is -1c7824 (base 14) in base 2?
-11111000111011101000
What is 20242130 (base 6) in base 7?
4640103
201023002 (base 5) to base 7
6533665
Convert -195900 (base 15) to base 2.
-100101101001111101100
Convert -835889 (base 10) to base 11.
-52101a
-616367 (base 10) to base 12
-25883b
4c44a5 (base 13) to base 15
2646a3
-381608 (base 9) to base 10
-230858
What is 13402404 (base 5) in base 10?
137854
4b0c52 (base 14) to base 8
11647650
5750604 (base 10) to base 2
10101111011111101001100
What is -3545235 (base 7) in base 12?
-197609
What is -64ac75 (base 16) in base 4?
-121022301311
-22021112111221 (base 3) to base 13
-bb08b2
Convert -1079373 (base 11) to base 14.
-3716bc
Convert -201030033 (base 4) to base 15.
-2a436
What is 23037 (base 14) in base 3?
11022202100
What is -33156 (base 13) in base 8?
-264542
What is -2d22 (base 15) in base 4?
-2113223
206715 (base 9) to base 8
360255
Convert -11001102002200 (base 3) to base 8.
-10156102
-1159606 (base 11) to base 4
-13230303200
2240656 (base 7) to base 5
32410401
What is -90829 (base 12) in base 3?
-100112121220
-33dcc (base 15) to base 6
-3312233
-3311330113 (base 4) to base 10
-1007383
What is 15354440 (base 10) in base 9?
31802288
What is -12121032301 (base 4) in base 3?
-10011011022211
What is 8d3d98 (base 15) in base 9?
13622178
Convert -3516253 (base 8) to base 9.
-1718532
46246401 (base 7) to base 13
ab8514
What is -206659 (base 12) in base 8?
-1742045
Convert -6400260 (base 10) to base 2.
-11000011010100100000100
What is -1aa35 (base 12) in base 5?
-2230442
-580706 (base 10) to base 7
-4636010
What is 20033255 (base 6) in base 14?
109a27
13b039 (base 14) to base 10
683307
Convert -1aa64 (base 12) to base 6.
-503004
Convert 857b9 (base 13) to base 9.
406284
364535 (base 11) to base 6
20211050
What is -2022202002 (base 3) in base 14?
-12952
Convert -44125101 (base 7) to base 16.
-39cd6e
Convert 22221011101221 (base 3) to base 5.
2203344224
1212002212022 (base 3) to base 10
986237
-1105143 (base 7) to base 16
-2143b
What is -1253234 (base 11) in base 16?
-212104
What is -b057 (base 13) in base 14?
-8b95
What is -10100010100011101011 (base 2) in base 9?
-1224316
5223301 (base 6) to base 16
3d915
Convert -23e53 (base 16) to base 13.
-51bca
Convert c1e09 (base 15) to base 10.
614034
-165d0b6 (base 14) to base 3
-202200001202100
What is -42742a (base 13) in base 2?
-101111100011101110001
Convert 210020 (base 3) to base 5.
4243
-24610013 (base 7) to base 4
-20132032013
What is 3a4592 (base 11) in base 14?
1278b7
-171415 (base 8) to base 10
-62221
-1420135 (base 6) to base 5
-10033121
Convert -1920475 (base 11) to base 8.
-14315264
1051318 (base 9) to base 15
b2725
What is 3a750 (base 13) in base 14?
2b989
6055540 (base 7) to base 16
afc0f
What is 32909 (base 10) in base 15?
9b3e
Convert 191835 (base 16) to base 15.
22744c
What is -53673144 (base 8) in base 13?
-24c800a
Convert 11444410 (base 5) to base 14.
2bbd1
-11575 (base 14) to base 2
-1010010100000011
What is 10004342413 (base 5) in base 3?
200111221102201
Convert -104150055 (base 6) to base 4.
-13023013103
Convert -250415 (base 10) to base 3.
-110201111122
What is 1001001101010022 (base 3) in base 14?
1da0a30
Convert -1484046 (base 10) to base 3.
-2210101201200
Convert 15203520 (base 6) to base 5.
113421413
c54598 (base 14) to base 11
3838330
Convert 2b3603 (base 14) to base 12.
608583
133214 (base 6) to base 5
344034
What is 4062364 (base 7) in base 12?
1b5221
12000212210 (base 4) to base 8
6004644
36590 (base 16) to base 11
142281
-5421c (base 13) to base 16
-25194
22112100102010 (base 3) to base 2
10001010010111010111111
What is -95673 (base 10) in base 12?
-47449
Convert -498349 (base 16) to base 4.
-102120031021
-1364305 (base 7) to base 5
-21342000
Convert 1a2a8 (base 16) to base 9.
173014
Convert a6797 (base 13) to base 3.
120020122210
Convert 1055252 (base 7) to base 15.
28e6e
What is -247106 (base 10) in base 7?
-2046266
Convert 5612514 (base 7) to base 9.
1264746
-221020011122 (base 3) to base 16
-793be
21ba3c4 (base 13) to base 7
154034044
-480321 (base 10) to base 3
-220101212200
Convert 10110110100001000 (base 2) to base 9.
152161
Convert 479e0 (base 15) to base 13.
7cc32
What is 572760 (base 8) in base 10?
194032
2a05bb (base 16) to base 13
755697
What is 56436056 (base 7) in base 11?
2847602
What is 1c94d (base 15) in base 2?
10110110000100111
Convert 2020021211 (base 4) to base 5.
120321134
Convert 185a5a (base 11) to base 4.
1011312131
What is 1a804 (base 13) in base 4?
30222233
What is 131b6 (base 13) in base 11?
24716
What is 995831 (base 10) in base 14?
1bccab
Convert -2001121000111 (base 3) to base 10.
-1094242
What is 160962 (base 12) in base 14?
9a746
What is 21030130 (base 4) in base 7?
214540
Convert 512611 (base 8) to base 15.
352a3
What is cf7cc (base 16) in base 7?
10136515
Convert -101011001011010111 (base 2) to base 6.
-3442435
What is 1100101101001011011110 (base 2) in base 5?
1323041112
-1132776 (base 8) to base 2
-1001011010111111110
What is -1507425 (base 10) in base 15?
-1eb9a0
Convert -41621530 (base 7) to base 14.
-678150
Convert -11321101 (base 5) to base 16.
-1984e
What is -13c6d (base 16) in base 6?
-1423005
What is 25444433 (base 6) in base 11?
517a42
Convert -b275a (base 16) to base 9.
-1333628
-9ab572 (base 14) to base 4
-110003022200
What is 37355732 (base 8) in base 11?
4724069
What is -98a3a (base 13) in base 9?
-461081
Convert -31340222 (base 5) to base 3.
-111022022101
Convert 33511534 (base 6) to base 4.
3321013102
Convert -1c3b3 (base 16) to base 5.
-12200020
Convert -1033323123 (base 4) to base 8.
-1177333
Convert 1837429 (base 10) to base 15.
264654
Convert -216320 (base 8) to base 16.
-11cd0
Convert c6550c (base 13) to base 2.
10001101100100000000100
Convert 222550 (base 6) to base 12.
aa56
What is 31610253 (base 7) in base 13?
7331c7
-33440 (base 8) to base 13
-6567
Convert 100001101011001100000 (base 2) to base 3.
2002001122202
Convert -133b23 (base 13) to base 16.
-71a2f
Convert 3926 (base 12) to base 14.
2530
Convert cbb8 (base 16) to base 10.
52152
1408c (base 14) to base 7
264235
What is -7ba3 (base 15) in base 13?
-bc46
20ba8 (base 13) to base 7
334234
5723406 (base 8) to base 4
11322130012
What is -332454 (base 9) in base 14?
-52581
Convert -1012012101021 (base 3) to base 8.
-2325662
Convert 1508 (base 9) to base 7.
3221
Convert 222103121 (base 4) to base 7.
1321112
Convert 509a5a (base 11) to base 7.
6646216
Convert -501311 (base 6) to base 2.
-1001100100101011
Convert -35532416 (base 7) to base 9.
-5832328
Convert 24324425 (base 6) to base 13.
211076
Convert 123079 (base 12) to base 3.
120000110110
Convert 333466 (base 10) to base 3.
121221102121
-3223303 (base 5) to base 15
-113a3
Convert 66411040 (base 7) to base 16.
573ca0
Convert 67546a (base 14) to base 3.
20121100102211
Convert 5611044 (base 7) to base 8.
2507227
Convert 94081 (base 10) to base 4.
112332001
What is -450ea (base 15) in base 14?
-5a055
What is 336515 (base 8) in base 2?
11011110101001101
What is 1212211120122 (base 3) in base 7?
11335142
103153 (base 10) to base 11
70556
Convert -3503265 (base 7) to base 15.
-89c56
Convert 100100110111011001011 (base 2) to base 8.
4467313
Convert -223231112113 (base 4) to base 7.
-166251040
What is 24034551 (base 7) in base 8?
10071312
What is 3112254 (base 8) in base 7?
10002524
Convert -117127 (base 9) to base 3.
-10121010221
What is 36803c (base 13) in base 7?
14034314
Convert 268b5 (base 16) to base 8